118*w - 117. What is v(-1)?
-44
Let a(y) = -209*y - 1376. What is a(-6)?
-122
Let t(q) = 7*q**3 - 37*q**2 - 64*q + 237. What is t(6)?
33
Let i(x) = -2*x**3 + 7*x**2 + 13*x + 12. What is i(-3)?
90
Let j(m) = -m**3 + 20*m**2 - 24*m + 85. Determine j(19).
-10
Let a(g) = 128*g + 243. What is a(-2)?
-13
Let p(i) = -i**3 + 131*i**2 - 749*i + 1. What is p(6)?
7
Let h(r) = -31*r**2 + 557*r + 15. Calculate h(18).
-3
Let z(i) = 35*i**2 - 319*i + 20. Give z(9).
-16
Let n(f) = -144*f - 2309. What is n(-16)?
-5
Let l(i) = i**3 + 5*i**2 - 25*i + 3. Calculate l(-7).
80
Let g(x) = -2*x**3 - 50*x**2 + 32*x - 516. Determine g(-26).
4
Let i(k) = 50*k - 22. Give i(0).
-22
Let a(y) = -67*y + 1498. What is a(27)?
-311
Let o(g) = 98*g - 1116. Calculate o(11).
-38
Let c(g) = -16*g**3 - 2*g**2 - 25*g + 79. Determine c(3).
-446
Let y(n) = -n**3 - 15*n**2 + 124*n - 14. Calculate y(-21).
28
Let o(a) = -2333*a + 2328. What is o(1)?
-5
Let p(r) = -5*r**2 + 22*r + 19. Give p(8).
-125
Let j(i) = 2*i**3 - 22*i**2 - 6*i + 5. Determine j(11).
-61
Let n(y) = 378*y + 25. Give n(0).
25
Let i(m) = -772*m + 14647. What is i(19)?
-21
Let u(w) = w**3 - w**2 + 11*w - 158. Give u(5).
-3
Let l(g) = -g**3 - 9*g**2 + 66. Calculate l(-8).
2
Let f(t) = 3*t**3 + 37*t**2 + 280*t + 3212. Give f(-12).
-4
Let c(h) = -h**3 - 20*h**2 - 81*h + 28. Give c(-14).
-14
Let u(s) = 72*s - 8707. Determine u(121).
5
Let o(z) = -40*z**2 + 17*z + 17. Calculate o(-1).
-40
Let g(f) = 2*f**3 + 21*f**2 - 6*f - 1. Give g(-11).
-56
Let z(w) = -255*w + 6868. Calculate z(27).
-17
Let s(y) = 2*y**3 - 491*y**2 - 256*y + 2465. Calculate s(246).
5
Let j(h) = -h**3 - 74*h**2 - 988*h - 79727. Calculate j(-75).
-2
Let r(g) = 47*g**2 - 380*g + 27. Give r(8).
-5
Let c(f) = f**2 - 30*f + 203. Give c(24).
59
Let c(k) = k**3 - 4*k**2 - 7*k - 1. Calculate c(5).
-11
Let p(d) = -d**2 + 105*d - 779. Determine p(8).
-3
Let k(h) = -1945*h - 85605. Calculate k(-44).
-25
Let s(u) = -u**3 - 14*u**2 - 19*u - 175. What is s(-14)?
91
Let r(h) = h**3 + 27*h**2 - 85*h + 1208. Calculate r(-31).
-1
Let v(o) = -105*o**3 - o**2 + o + 2. Determine v(-1).
105
Let q(t) = -t**3 + 27*t**2 - 73*t + 54. Determine q(24).
30
Let t(p) = -2*p**2 - 68*p + 660. Calculate t(-42).
-12
Let h(r) = -r**3 - 73*r**2 + 72*r - 138. What is h(-74)?
10
Let h(j) = -3*j**2 - 23*j + 450. What is h(9)?
0
Let s(u) = -3*u**2 - 57*u - 234. Give s(-6).
0
Let f(v) = 196*v**3 + 4*v**2 + 7*v + 1. Give f(-1).
-198
Let t(s) = 6699*s - 154083. Give t(23).
-6
Let k(g) = 9*g**2 + 183*g - 732. What is k(4)?
144
Let q(a) = -3330*a - 6666. Give q(-2).
-6
Let v(w) = -852*w - 1622. Give v(-2).
82
Let h(n) = 31*n + 80. What is h(-5)?
-75
Let r(c) = -576*c + 39734. What is r(69)?
-10
Let h(s) = 91*s + 1996. Determine h(-18).
358
Let k(t) = -t**3 + 6*t**2 + 6*t - 17. Calculate k(7).
-24
Let i(u) = -2*u**2 - 116*u + 65. What is i(-59)?
-53
Let w(s) = -411*s - 2447. Give w(-6).
19
Let h(u) = 72*u + 728. What is h(-11)?
-64
Let j(t) = 3*t**3 + 14*t**2 - 69*t - 371. What is j(-5)?
-51
Let l(t) = -t**2 - 35*t + 163. Determine l(-39).
7
Let h(r) = -12*r**2 - 57*r - 222. What is h(-4)?
-186
Let f(m) = 28*m**2 + 13*m - 19. Give f(3).
272
Let s(a) = 14*a**2 - 154*a + 21. Calculate s(11).
21
Let d(q) = 13*q - 31. Give d(-30).
-421
Let f(c) = -19*c + 63. Give f(5).
-32
Let l(k) = -35*k + 529. What is l(15)?
4
Let b(t) = 3*t**2 + 153*t - 952. Determine b(-57).
74
Let z(k) = -k**2 - 33*k - 139. Give z(-5).
1
Let a(w) = -117*w + 1046. Determine a(9).
-7
Let y(g) = g**2 - 23*g - 144. What is y(-5)?
-4
Let x(w) = 2*w**2 + 69*w - 829. Determine x(-43).
-98
Let n(w) = -7*w - 180. Determine n(-18).
-54
Let v(k) = -6*k**2 - 22*k - 3. Give v(-3).
9
Let j(t) = 2*t**2 + 632*t + 36489. Determine j(-76).
9
Let l(m) = -4*m**2 - 148*m + 161. What is l(-38)?
9
Let g(q) = -2*q**3 + 46*q**2 - 47*q - 2. Give g(22).
-68
Let v(t) = 2*t**2 + 116*t - 2732. What is v(18)?
4
Let j(l) = 5*l**3 + 3*l**2 + l + 8. Give j(-3).
-103
Let v(d) = -8*d**2 + 25*d + 69. Determine v(-6).
-369
Let i(s) = -s**2 + 20*s - 66. Calculate i(15).
9
Let z(t) = 3*t**3 + 24*t**2 + 53*t + 23. Calculate z(-8).
-401
Let y(m) = 64*m + 120. Calculate y(-2).
-8
Let r(h) = h**3 + 21*h**2 - 50*h + 9. Give r(-23).
101
Let t(x) = -338*x + 1346. Determine t(4).
-6
Let n(c) = c**3 + 67*c**2 + 7*c + 465. Calculate n(-67).
-4
Let j(q) = 9*q - 69. Give j(-12).
-177
Let v(w) = 2*w**2 + 25*w - 1038. Calculate v(18).
60
Let f(l) = -2*l**2 - 15*l - 15. What is f(-2)?
7
Let k(s) = s**3 + 13*s**2 + 30*s - 17. Give k(-10).
-17
Let u(q) = -13*q**2 - 589*q - 186. Determine u(-45).
-6
Let q(o) = 2*o + 37. What is q(-19)?
-1
Let w(k) = 3*k**3 + 33*k**2 + 27*k + 18. Calculate w(-10).
48
Let o(p) = -3*p**2 + 1180*p + 2368. Determine o(-2).
-4
Let t(y) = 2*y**2 + 154*y - 2982. What is t(-94)?
214
Let p(c) = 2*c**2 - 9*c - 62. Calculate p(10).
48
Let b(y) = -2*y**2 + 11*y + 163. Calculate b(-7).
-12
Let o(i) = -39*i + 512. Determine o(13).
5
Let w(v) = v**2 + 37*v + 164. What is w(-33)?
32
Let w(a) = -4*a**2 - 104*a + 4. Give w(-25).
104
Let k(u) = 7*u + 136. Give k(-24).
-32
Let y(h) = 166*h + 515. Give y(-3).
17
Let q(t) = -t**2 - 23*t - 138. What is q(-18)?
-48
Let p(m) = -m**3 - 15*m**2 - 2*m - 42. Calculate p(-14).
-210
Let v(t) = -4*t**3 - 123*t**2 + 58*t + 135. Determine v(-31).
-702
Let d(j) = 6*j**2 - 52*j + 496. Calculate d(8).
464
Let m(k) = -3*k**2 - 33*k + 80. What is m(-13)?
2
Let y(z) = 36*z**2 + 81*z + 19. Give y(-2).
1
Let m(z) = 3*z**2 + 182*z - 447. Calculate m(-63).
-6
Let l(f) = f**3 - 31*f**2 + 108*f + 5. Give l(27).
5
Let w(j) = 15*j - 9. What is w(-1)?
-24
Let c(g) = -3*g**3 - 45*g**2 - 44*g - 8. Calculate c(-14).
20
Let f(l) = 2*l**2 - 6*l - 2. Give f(-4).
54
Let m(n) = -n**3 + 21*n**2 - 48*n + 78. Calculate m(19).
-112
Let m(i) = -1526*i - 21376. Give m(-14).
-12
Let f(b) = -b**3 + 13*b**2 - 14*b + 48. Calculate f(5).
178
Let x(i) = i**3 - 183*i**2 - 56*i - 23548. What is x(184)?
4
Let b(r) = 18*r + 205. Give b(-11).
7
Let h(a) = 2*a**3 + 24*a**2 - a - 39. What is h(-12)?
-27
Let k(o) = 2*o**3 + 9*o**2 - 53*o - 381. Calculate k(-6).
-171
Let q(r) = r**3 + 42*r**2 + 38*r - 67. Give q(-41).
56
Let a(f) = -2*f**3 - 114*f**2 + 114*f - 199. Give a(-58).
-83
Let m(b) = -b**3 + 12*b**2 - 37*b + 313. What is m(11)?
27
Let z(o) = o**3 + 25*o**2 + 41*o - 101. Calculate z(-23).
14
Let o(m) = -m**2 - 2374*m. What is o(0)?
0
Let d(a) = 199*a**2 + 882*a. Give d(-5).
565
Let k(o) = -315*o + 72. What is k(1)?
-243
Let t(a) = -752*a**2 - 12032*a + 5. Give t(-16).
5
Let d(o) = 200*o - 13. What is d(-1)?
-213
Let f(a) = -43*a + 2061. Calculate f(47).
40
Let k(x) = -228*x + 451. Give k(2).
-5
Let j(b) = b**3 + 2*b**2 - 735*b - 1475. What is j(-2)?
-5
Let c(g) = 4*g**2 - 206*g + 665. Calculate c(48).
-7
Let k(z) = 31*z**2 - 556*z + 1383. What is k(3)?
-6
Let l(n) = -3*n**3 - 143*n**2 + 42*n + 16. What is l(-48)?
304
Let a(z) = 2*z**2 + 82*z - 62. What is a(-40)?
-142
Let f(q) = -5*q**3 + 3*q**2 - 797*q - 1608. What is f(-2)?
38
Let l(m) = 6*m + 52. Calculate l(29).
226
Let i(a) = -a**2 - 4*a + 77. Give i(7).
0
Let b(f) = -414*f + 1686. Calculate b(4).
30
Let m(n) = -n**3 - 6*n**2 + 34*n - 2. What is m(-10)?
58
Let f(p) = -p**2 - 93*p + 140. Give f(-95).
-50
Let a(m) = 3*m**2 - 13*m + 6. Give a(-3).
72
Let s(p) = 3*p + 155. Calculate s(-50).
5
Let s(v) = -570*v - 32477. What is s(-57)?
13
Let g(a) = -334*a + 2831. Calculate g(8).
159
Let b(n) = 8*n - 537. Determine b(48).
-153
Let x(u) = -213*u - 1520. Calculate x(-8).
184
Let y(g) = -2*g**2 + 185*g + 1908. Give y(-10).
-142
Let j(c) = 7*c + 93. Give j(-10).
23
Let i(x) = -x**3 - 57*x**2 - 303*x + 157. Determine i(-51).
4
Let n(f) = 20*f - 869. Give n(43).
-9
Let f(i) = -4*i**2 - 30*i - 8. Determine f(-7).
6
Let w(o) = -o**3 - 23*o - 23. Calculate w(-1).
1
Let f(q) = 774*q + 4. What is f(0)?
4
Let z(d) = 1034*d - 1027. Give z(1).
7
Let f(q) = 2*q**2 + 85*q + 699. Give f(-11).
6
Let i(h) = -11*h**3 + 2. What is i(-1)?
13
Let l(r) = -10*r**2 - 40*r + 113. Determine l(3).
-97
Let x(w) = 124*w + 1814. Give x(-14).
78
Let i(y) = -6*y**3 + 67*y**2 - 14*y + 13. Give i(11).
-20
Let o(t) = -2*t**3 + 20*t**2 + 189*t - 583. Calculate o(15).
2
Let i(d) = d**2 + 67*d + 786. Determine i(-15).
6
Let z(c) = -3*c**2 - 2412*c - 7201. Determin